ed by 47195?
2538
Calculate the remainder when 1422938 is divided by 291.
239
Calculate the remainder when 474978 is divided by 8458.
1330
Calculate the remainder when 13222760 is divided by 324.
320
What is the remainder when 1083352 is divided by 4902?
10
What is the remainder when 49272937 is divided by 96?
73
Calculate the remainder when 297676 is divided by 2937.
1039
What is the remainder when 102041 is divided by 93483?
8558
What is the remainder when 394320 is divided by 4640?
4560
Calculate the remainder when 2143830 is divided by 208.
182
Calculate the remainder when 24593775 is divided by 1084.
1067
What is the remainder when 40454397 is divided by 35?
32
Calculate the remainder when 11099024 is divided by 403.
1
What is the remainder when 755346 is divided by 2568?
354
What is the remainder when 35694638 is divided by 53?
39
What is the remainder when 2710554 is divided by 935?
924
What is the remainder when 108058097 is divided by 5794?
5791
Calculate the remainder when 43345 is divided by 1635.
835
Calculate the remainder when 1653551 is divided by 381.
11
What is the remainder when 7257 is divided by 6142?
1115
What is the remainder when 76406 is divided by 355?
81
Calculate the remainder when 7769995 is divided by 592.
587
What is the remainder when 97689 is divided by 1028?
29
Calculate the remainder when 3851787 is divided by 573.
81
What is the remainder when 2777210 is divided by 28631?
3
What is the remainder when 10589059 is divided by 359?
354
Calculate the remainder when 3208149 is divided by 1291.
14
Calculate the remainder when 1401299 is divided by 30.
29
What is the remainder when 77513149 is divided by 715?
714
What is the remainder when 12607938 is divided by 4202613?
99
What is the remainder when 300145698 is divided by 401?
5
Calculate the remainder when 435143 is divided by 141.
17
What is the remainder when 1092396 is divided by 545772?
852
Calculate the remainder when 60675226 is divided by 629.
628
What is the remainder when 7980155 is divided by 46128?
11
Calculate the remainder when 225855357 is divided by 2712.
2709
What is the remainder when 58263960 is divided by 58263955?
5
What is the remainder when 13837 is divided by 10768?
3069
Calculate the remainder when 309867 is divided by 154890.
87
Calculate the remainder when 69080001 is divided by 252.
249
Calculate the remainder when 223437 is divided by 290.
137
Calculate the remainder when 1270491 is divided by 204.
183
What is the remainder when 44142969 is divided by 3156?
3153
What is the remainder when 13233514 is divided by 13233494?
20
Calculate the remainder when 86134 is divided by 2461.
2460
Calculate the remainder when 540601 is divided by 7.
5
What is the remainder when 44231050 is divided by 254?
252
Calculate the remainder when 388047 is divided by 77206.
2017
What is the remainder when 846995 is divided by 120900?
695
What is the remainder when 335632967 is divided by 66?
65
Calculate the remainder when 82747 is divided by 413.
147
What is the remainder when 537719 is divided by 179083?
470
What is the remainder when 320325 is divided by 160140?
45
Calculate the remainder when 792772 is divided by 59.
48
What is the remainder when 238673 is divided by 10?
3
What is the remainder when 3484977 is divided by 198?
177
Calculate the remainder when 1942573 is divided by 1942537.
36
What is the remainder when 49330679 is divided by 2242303?
13
Calculate the remainder when 1573004 is divided by 497.
496
Calculate the remainder when 5868380 is divided by 2259.
1757
Calculate the remainder when 11270 is divided by 527.
203
What is the remainder when 21400972 is divided by 157?
145
What is the remainder when 1130122 is divided by 982?
822
Calculate the remainder when 2045345 is divided by 4535.
60
What is the remainder when 2191738 is divided by 27742?
120
What is the remainder when 4377485 is divided by 1786?
1785
Calculate the remainder when 892020 is divided by 511.
325
Calculate the remainder when 707755 is divided by 1918.
13
What is the remainder when 16138499 is divided by 15?
14
Calculate the remainder when 539168 is divided by 12252.
80
Calculate the remainder when 2118497 is divided by 1059248.
1
Calculate the remainder when 1063945 is divided by 14.
1
Calculate the remainder when 159695 is divided by 17736.
71
What is the remainder when 33404 is divided by 678?
182
What is the remainder when 633219 is divided by 1662?
1659
What is the remainder when 45321870 is divided by 301?
300
What is the remainder when 1094825 is divided by 430?
45
Calculate the remainder when 7456653 is divided by 15933.
9
Calculate the remainder when 58412 is divided by 29186.
40
What is the remainder when 217766 is divided by 2222?
10
Calculate the remainder when 6256146 is divided by 60.
6
What is the remainder when 184599 is divided by 2440?
1599
What is the remainder when 2983589 is divided by 5?
4
What is the remainder when 73765 is divided by 17668?
3093
Calculate the remainder when 21316985 is divided by 62697.
5
What is the remainder when 1281703746 is divided by 10225?
10221
What is the remainder when 1211669 is divided by 63769?
58
Calculate the remainder when 11662039 is divided by 1609.
7
Calculate the remainder when 5762181 is divided by 136.
133
Calculate the remainder when 1310126 is divided by 59550.
26
What is the remainder when 308162 is divided by 44013?
71
Calculate the remainder when 40661 is divided by 40539.
122
Calculate the remainder when 10804321 is divided by 151.
120
What is the remainder when 1814475 is divided by 745?
400
Calculate the remainder when 20505 is divided by 20185.
320
Calculate the remainder when 45233649 is divided by 15077881.
6
What is the remainder when 8760427 is divided by 23299?
3
Calculate the remainder when 123719493 is divided by 274.
273
Calculate the remainder when 13328737 is divided by 4442893.
58
Calculate the remainder when 175827 is divided by 1046.
99
Calculate the remainder when 1451263 is divided by 750.
13
What is the remainder when 1655813 is divided by 551933?
14
What is the remainder when 180359 is divided by 1316?
67
What is the remainder when 755396 is divided by 419?
358
What is the remainder when 988151 is divided by 98813?
21
Calculate the remainder when 26642 is divided by 7243.
4913
What is the remainder when 1118073 is divided by 86?
73
Calculate the remainder when 23092708 is divided by 7697543.
79
What is the remainder when 1063385 is divided by 1063368?
17
What is the remainder when 43818 is divided by 43497?
321
What is the remainder when 897042 is divided by 447382?
2278
Calculate the remainder when 8545387 is divided by 2136167.
719
What is the remainder when 18234680 is divided by 4558669?
4
What is the remainder when 26022 is divided by 701?
85
Calculate the remainder when 14000564 is divided by 5.
4
Calculate the remainder when 48163518 is divided by 164.
162
What is the remainder when 24955 is divided by 4642?
1745
Calculate the remainder when 4027816 is divided by 69445.
6
What is the remainder when 44483752 is divided by 32?
8
What is the remainder when 2127610 is divided by 1182?
10
What is the remainder when 25392 is divided by 4216?
96
Calculate the remainder when 6330520 is divided by 6329746.
774
What is the remainder when 959195 is divided by 523?
13
Calculate the remainder when 38658 is divided by 33885.
4773
Calculate the remainder when 64790394 is divided by 80087.
11
What is the remainder when 12853449 is divided by 333?
315
What is the remainder when 1443408 is divided by 42451?
74
What is the remainder when 2969845 is divided by 989933?
46
Calculate the remainder when 77363562 is divided by 345373.
10
What is the remainder when 8392 is divided by 402?
352
What is the remainder when 87211 is divided by 86973?
238
Calculate the remainder when 517873 is divided by 1233.
13
Calculate the remainder when 206922 is divided by 1545.
1437
What is the remainder when 2492978 is divided by 54190?
238
What is the remainder when 3718243 is divided by 1359?
19
What is the remainder when 61289 is divided by 20337?
278
Calculate the remainder when 37551218 is divided by 36.
14
What is the remainder when 5564 is divided by 3798?
1766
Calculate the remainder when 1587554 is divided b